{"id":15913,"date":"2026-05-04T17:11:25","date_gmt":"2026-05-04T22:11:25","guid":{"rendered":"https:\/\/www.miscostillitas.com\/inicio\/?post_type=product&#038;p=15913"},"modified":"2026-05-04T17:17:00","modified_gmt":"2026-05-04T22:17:00","slug":"parrilla-mama","status":"publish","type":"product","link":"https:\/\/www.miscostillitas.com\/inicio\/producto\/parrilla-mama\/","title":{"rendered":"PARRILLA MAM\u00c1"},"content":{"rendered":"<p>Parrilla Mis Costillitas 3: Papi Julio, filete parrillero de pollo, 02 chuletas de cerdo, 02 chorizos, ensalada de col y papas fritas.<\/p>\n<p>+\u00a0 1Lt. de limonada<\/p>\n<p>T\u00e9rminos y condiciones<br \/>\nV\u00e1lido todos los d\u00edas de MAYO<br \/>\nEl cliente debe mostrar la publicaci\u00f3n de las redes para acceder a la promoci\u00f3n<br \/>\nEl cliente puede elegir cambiar en su parrilla el Papi Julio por Mami Lucha<br \/>\nV\u00e1lido en todos los locales de Lima y ArequipaV\u00e1lido para Plaza Mis Costillitas Punta Hermosa, Pueblo Libre y Surquillo<\/p>\n<p>La promoci\u00f3n es v\u00e1lida para sal\u00f3n y recojo en tienda<\/p>\n<p>No acumulable con otras promociones<br \/>\nPromoci\u00f3n v\u00e1lida hasta agotar stock<br \/>\nIm\u00e1genes referenciales<\/p>\n","protected":false},"excerpt":{"rendered":"<p>Parrilla Mis Costillitas 3: Papi Julio, filete parrillero de pollo, 02 chuletas de cerdo, 02 chorizos, ensalada de col y papas fritas. +\u00a0 1Lt. de limonada<\/p>\n<p>T\u00e9rminos y condiciones<\/p>\n<p>V\u00e1lido todos los d\u00edas de MAYO<\/p>\n<p>El cliente debe mostrar la publicaci\u00f3n de las redes para acceder a la promoci\u00f3n<\/p>\n<p>El cliente puede elegir cambiar en su parrilla el Papi Julio por Mami Lucha<\/p>\n<p>V\u00e1lido en todos los locales de Lima y Arequipa<\/p>\n<p>V\u00e1lido para Plaza Mis Costillitas Punta Hermosa, Pueblo Libre y Surquillo<\/p>\n<p>La promoci\u00f3n es v\u00e1lida para sal\u00f3n y recojo en tienda<\/p>\n<p>No acumulable con otras promociones<\/p>\n<p>Promoci\u00f3n v\u00e1lida hasta agotar stock<\/p>\n<p>Im\u00e1genes referenciales<\/p>\n","protected":false},"featured_media":15914,"comment_status":"closed","ping_status":"closed","template":"","meta":[],"product_brand":[],"product_cat":[66],"product_tag":[68,65],"class_list":{"0":"post-15913","1":"product","2":"type-product","3":"status-publish","4":"has-post-thumbnail","6":"product_cat-promociones-local","7":"product_tag-local","8":"product_tag-promociones","10":"first","11":"instock","12":"shipping-taxable","13":"purchasable","14":"product-type-simple"},"_links":{"self":[{"href":"https:\/\/www.miscostillitas.com\/inicio\/wp-json\/wp\/v2\/product\/15913","targetHints":{"allow":["GET"]}}],"collection":[{"href":"https:\/\/www.miscostillitas.com\/inicio\/wp-json\/wp\/v2\/product"}],"about":[{"href":"https:\/\/www.miscostillitas.com\/inicio\/wp-json\/wp\/v2\/types\/product"}],"replies":[{"embeddable":true,"href":"https:\/\/www.miscostillitas.com\/inicio\/wp-json\/wp\/v2\/comments?post=15913"}],"version-history":[{"count":2,"href":"https:\/\/www.miscostillitas.com\/inicio\/wp-json\/wp\/v2\/product\/15913\/revisions"}],"predecessor-version":[{"id":15916,"href":"https:\/\/www.miscostillitas.com\/inicio\/wp-json\/wp\/v2\/product\/15913\/revisions\/15916"}],"wp:featuredmedia":[{"embeddable":true,"href":"https:\/\/www.miscostillitas.com\/inicio\/wp-json\/wp\/v2\/media\/15914"}],"wp:attachment":[{"href":"https:\/\/www.miscostillitas.com\/inicio\/wp-json\/wp\/v2\/media?parent=15913"}],"wp:term":[{"taxonomy":"product_brand","embeddable":true,"href":"https:\/\/www.miscostillitas.com\/inicio\/wp-json\/wp\/v2\/product_brand?post=15913"},{"taxonomy":"product_cat","embeddable":true,"href":"https:\/\/www.miscostillitas.com\/inicio\/wp-json\/wp\/v2\/product_cat?post=15913"},{"taxonomy":"product_tag","embeddable":true,"href":"https:\/\/www.miscostillitas.com\/inicio\/wp-json\/wp\/v2\/product_tag?post=15913"}],"curies":[{"name":"wp","href":"https:\/\/api.w.org\/{rel}","templated":true}]}}